{"id":2009,"date":"2025-12-17T00:56:10","date_gmt":"2025-12-16T23:56:10","guid":{"rendered":"https:\/\/rizzellogas.tattica.online\/?post_type=product&#038;p=2009"},"modified":"2025-12-17T00:56:49","modified_gmt":"2025-12-16T23:56:49","slug":"stufa-a-legna-k-line-kalorosa-con-forno","status":"publish","type":"product","link":"https:\/\/rizzellogas.tattica.online\/index.php\/prodotto\/stufa-a-legna-k-line-kalorosa-con-forno\/","title":{"rendered":"Stufa a legna K-LINE KALOROSA con forno"},"content":{"rendered":"<div>\n<h2><strong><span style=\"color: #000000\">N:B<\/span><\/strong> <span style=\"color: #ff0000\">Consegna nella provincia di lecce omaggio, fuori dalla provincia, il trasporto verr\u00e0 preventivato separatamente.<\/span><\/h2>\n<p>Stufa a legna con forno Kalorosa colore crema oppure rosso rivestimento in maiolica<\/p>\n<div id=\"tab-content\" class=\"tab-content\">\n<div id=\"description\" class=\"tab-pane fade active in\" role=\"tabpanel\" aria-expanded=\"true\">\n<div class=\"product-description\">\n<p>Il riscaldamento tradizionale con\u00a0<strong>stufe a legna<\/strong>\u00a0dona agli ambienti domestici un fascino unico e romantico.<\/p>\n<p>La legna \u00e8 un combustibile naturale che si ripropone sempre di pi\u00f9 come prodotto ecosostenibile che ci aiuta a non logorare ulteriormente il nostro ecosistema gi\u00e0 provato dalle emissioni delle attivit\u00e0 umane.<\/p>\n<p>Le\u00a0<strong>stufe e le cucine K-LINE<\/strong>\u00a0offre contenuti tecnologici che rendono il riscaldamento con biomasse adatto ai ritmi e alle architetture contemporanee senza rinunciare alla sensazione di\u00a0<strong>benessere<\/strong>\u00a0e di piacere unico di una fiamma naturale.<\/p>\n<p>La\u00a0<strong>stufa a legna Klorosa<\/strong>\u00a0\u00e8 dotata di una struttura in acciaio con\u00a0<strong>vano portalegna<\/strong>, camera di combustione in refrattario,\u00a0<strong>top e frontale in ghisa\u00a0<\/strong>e rivestimento laterale in\u00a0<strong>maiolica<\/strong>.<\/p>\n<h3>Caratteristiche e dimensioni<\/h3>\n<ul>\n<li>Potenza: 11,3 kw<\/li>\n<li>Bocca carico: 26,5 x 19 cm<\/li>\n<li>Dimensioni forno: 34 x 38 x 37\u00a0 cm<\/li>\n<li>Volume riscaldabile: 146,9 mc<\/li>\n<li>Raccordo fumi\u00a0 120 mm<\/li>\n<li>Dimensioni: 49x46xH116 cm<\/li>\n<li>Colore: crema oppure rosso<\/li>\n<li><strong>4 stelle Aria Pulita<\/strong><\/li>\n<li><strong>Rivestimenti laterali in maiolica<\/strong><\/li>\n<li><strong>Top e frontale in ghisa<\/strong><\/li>\n<\/ul>\n<\/div>\n<\/div>\n<\/div>\n<\/div>\n<div><\/div>\n","protected":false},"excerpt":{"rendered":"<div><\/div>\n<div>siamo a vostra disposizione per qualsiasi info contattateci al numero <span style=\"color: #ff0000\">0833\/581053<\/span> oppure\u00a0 <span style=\"color: #ff0000\">340\/7882669<\/span>.<\/div>\n<div><\/div>\n<div><span style=\"color: #ff0000\"><strong>-PER\u00a0 TUTTA LA PROVINCIA DI LECCE, PER ACCORDI SULLA MODALITA DI SCARICO E\u00a0 \u00a0MODALITA PAGAMENTO , CONTRASSEGNO \/ POS (I NOSTRI MEZZI SONO MUNITI DI\u00a0 \u00a0PAGOBANCOMAT)\u00a0 CONTATTATECI O AL NUMERO FISSO O SU WHASAPP.<\/strong><\/span><\/div>\n","protected":false},"featured_media":2079,"comment_status":"open","ping_status":"closed","template":"","meta":[],"product_brand":[],"product_cat":[130],"product_tag":[],"class_list":{"0":"post-2009","1":"product","2":"type-product","3":"status-publish","4":"has-post-thumbnail","6":"product_cat-stufe-a-legna-k-line","7":"product_shipping_class-oggetti-pesantissimi","9":"first","10":"instock","11":"sale","12":"shipping-taxable","13":"purchasable","14":"product-type-simple"},"_links":{"self":[{"href":"https:\/\/rizzellogas.tattica.online\/index.php\/wp-json\/wp\/v2\/product\/2009","targetHints":{"allow":["GET"]}}],"collection":[{"href":"https:\/\/rizzellogas.tattica.online\/index.php\/wp-json\/wp\/v2\/product"}],"about":[{"href":"https:\/\/rizzellogas.tattica.online\/index.php\/wp-json\/wp\/v2\/types\/product"}],"replies":[{"embeddable":true,"href":"https:\/\/rizzellogas.tattica.online\/index.php\/wp-json\/wp\/v2\/comments?post=2009"}],"version-history":[{"count":1,"href":"https:\/\/rizzellogas.tattica.online\/index.php\/wp-json\/wp\/v2\/product\/2009\/revisions"}],"predecessor-version":[{"id":2080,"href":"https:\/\/rizzellogas.tattica.online\/index.php\/wp-json\/wp\/v2\/product\/2009\/revisions\/2080"}],"wp:featuredmedia":[{"embeddable":true,"href":"https:\/\/rizzellogas.tattica.online\/index.php\/wp-json\/wp\/v2\/media\/2079"}],"wp:attachment":[{"href":"https:\/\/rizzellogas.tattica.online\/index.php\/wp-json\/wp\/v2\/media?parent=2009"}],"wp:term":[{"taxonomy":"product_brand","embeddable":true,"href":"https:\/\/rizzellogas.tattica.online\/index.php\/wp-json\/wp\/v2\/product_brand?post=2009"},{"taxonomy":"product_cat","embeddable":true,"href":"https:\/\/rizzellogas.tattica.online\/index.php\/wp-json\/wp\/v2\/product_cat?post=2009"},{"taxonomy":"product_tag","embeddable":true,"href":"https:\/\/rizzellogas.tattica.online\/index.php\/wp-json\/wp\/v2\/product_tag?post=2009"}],"curies":[{"name":"wp","href":"https:\/\/api.w.org\/{rel}","templated":true}]}}