{"id":2301,"date":"2025-12-17T00:59:06","date_gmt":"2025-12-16T23:59:06","guid":{"rendered":"https:\/\/rizzellogas.tattica.online\/?post_type=product&#038;p=2301"},"modified":"2025-12-17T00:59:46","modified_gmt":"2025-12-16T23:59:46","slug":"forni-beton-ben-cotto","status":"publish","type":"product","link":"https:\/\/rizzellogas.tattica.online\/index.php\/prodotto\/forni-beton-ben-cotto\/","title":{"rendered":"forni beton BEN COTTO"},"content":{"rendered":"<p>Realizzato in pigiata refrattaria ad alto tenore d&#8217;allumina. L&#8217;altezza della volta e la forma parabolica permettono un riscaldamento omogeneo. Pu\u00f2 essere installato sia all&#8217;esterno con appropriata protezione che all&#8217;interno. Piano cottura \u00d8 cm. 85. Uscita fumi \u00d8 cm. 20. Altezza interna cm. 41. Bocca L47 cm. Peso. 254 Kg. Dimensioni ingombro cm. L96xP128xH50.\u00a0 Prodotto da assemblare.<\/p>\n<p>Forno prefabbricato ad uso famiglia di medie dimensioni con cupola realizzata in pigiata refrattaria ad alto tenore di alluminia e cemento fuso, piano fuoco realizzato in pigiata refrattaria. L\u2019altezza della volta dal fondo e la sua forma parabolica permettono un omogeneo riscaldamento della base e quindi una perfetta cotture dei cibi. I nostri forni, per le loro caratteristiche, possono essere installati sia all\u2019esterno, con un\u2019appropriata protezione, che all\u2019interno, singoli o abbinati a caminetti.<\/p>\n","protected":false},"excerpt":{"rendered":"<p><span class=\"hl1\">\u00a0Spedizione in 48 ORE, verrai avvisato in caso di tempistiche diverse.<br \/>\n<\/span>\u00a0(escluso Sicilia, Sardegna ed isole minori)<\/p>\n<div>-Siamo a vostra disposizione per qualsiasi info contattateci al numero <span style=\"color: #ff0000\">0833\/581053<\/span> oppure <span style=\"color: #ff0000\">340\/7882669<\/span>.<\/div>\n<div><\/div>\n<div><span style=\"color: #ff0000\"><strong>-PER\u00a0 TUTTA LA PROVINCIA DI LECCE, PER ACCORDI SULLA MODALITA DI SCARICO E\u00a0 \u00a0MODALITA PAGAMENTO , CONTRASSEGNO \/ POS (I NOSTRI MEZZI SONO MUNITI DI\u00a0 \u00a0PAGOBANCOMAT)\u00a0 CONTATTATECI O AL NUMERO FISSO O SU WHATSAPP<\/strong><\/span><\/div>\n","protected":false},"featured_media":2365,"comment_status":"open","ping_status":"closed","template":"","meta":[],"product_brand":[],"product_cat":[135],"product_tag":[],"class_list":{"0":"post-2301","1":"product","2":"type-product","3":"status-publish","4":"has-post-thumbnail","6":"product_cat-barbecue-forni-e-vari-e-accessori","7":"product_shipping_class-oggetti-pesantissimi","9":"first","10":"instock","11":"sale","12":"shipping-taxable","13":"purchasable","14":"product-type-simple"},"_links":{"self":[{"href":"https:\/\/rizzellogas.tattica.online\/index.php\/wp-json\/wp\/v2\/product\/2301","targetHints":{"allow":["GET"]}}],"collection":[{"href":"https:\/\/rizzellogas.tattica.online\/index.php\/wp-json\/wp\/v2\/product"}],"about":[{"href":"https:\/\/rizzellogas.tattica.online\/index.php\/wp-json\/wp\/v2\/types\/product"}],"replies":[{"embeddable":true,"href":"https:\/\/rizzellogas.tattica.online\/index.php\/wp-json\/wp\/v2\/comments?post=2301"}],"version-history":[{"count":1,"href":"https:\/\/rizzellogas.tattica.online\/index.php\/wp-json\/wp\/v2\/product\/2301\/revisions"}],"predecessor-version":[{"id":2366,"href":"https:\/\/rizzellogas.tattica.online\/index.php\/wp-json\/wp\/v2\/product\/2301\/revisions\/2366"}],"wp:featuredmedia":[{"embeddable":true,"href":"https:\/\/rizzellogas.tattica.online\/index.php\/wp-json\/wp\/v2\/media\/2365"}],"wp:attachment":[{"href":"https:\/\/rizzellogas.tattica.online\/index.php\/wp-json\/wp\/v2\/media?parent=2301"}],"wp:term":[{"taxonomy":"product_brand","embeddable":true,"href":"https:\/\/rizzellogas.tattica.online\/index.php\/wp-json\/wp\/v2\/product_brand?post=2301"},{"taxonomy":"product_cat","embeddable":true,"href":"https:\/\/rizzellogas.tattica.online\/index.php\/wp-json\/wp\/v2\/product_cat?post=2301"},{"taxonomy":"product_tag","embeddable":true,"href":"https:\/\/rizzellogas.tattica.online\/index.php\/wp-json\/wp\/v2\/product_tag?post=2301"}],"curies":[{"name":"wp","href":"https:\/\/api.w.org\/{rel}","templated":true}]}}