{"id":2383,"date":"2025-12-17T00:59:51","date_gmt":"2025-12-16T23:59:51","guid":{"rendered":"https:\/\/rizzellogas.tattica.online\/?post_type=product&#038;p=2383"},"modified":"2025-12-17T01:00:35","modified_gmt":"2025-12-17T00:00:35","slug":"flocculante-acqua-clean","status":"publish","type":"product","link":"https:\/\/rizzellogas.tattica.online\/index.php\/prodotto\/flocculante-acqua-clean\/","title":{"rendered":"FLOCCULANTE acqua clean"},"content":{"rendered":"<ul>\n<li>Agente filtrante, alto potere coagulante. La flocculazione si effettua per eliminare o per prevenire la formazione di microscopiche sospensioni che procurano intorbidamenti nell&#8217;acqua. Agglomera le particelle al fine di formare un insieme pi\u00f9 grosso che verr\u00e0 successivamente trattenuto dai filtri in modo pi\u00f9 efficace. Permette di diminuire i tempi di filtrazione, da 6 a 10 ore alla settimana e aiuta a mantenere l&#8217;acqua cristallina. Liquido completamente solubile, idoneo per immissioni manuali negli skimmers o tramite pompe dosatrici automatiche. Non idoneo per filtri a diatomee.<br \/>\n<strong>Eliminazione della torbidit\u00e0:<\/strong>\u00a0400\/500 gr. diluito al 10% per 100 mc. di acqua.<br \/>\n<strong>Prevenzione della torbidit\u00e0<\/strong>\u00a0o potenziamento del letto filtrante: versare nello skimmer 200\/250 gr. di liquido al 10% per ogni 100 mc. di acqua.<strong>CONFEZIONE 1 KG; 3,00 euro<\/strong><\/li>\n<li><strong>CONFEZIONE 5 KG; 12,90 euro<\/strong><\/li>\n<li><strong>CONFEZIONE 10 KG; 25,90 euro<\/strong><\/li>\n<li><\/li>\n<li>\n<div>Siamo a vostra disposizione per qualsiasi info contattateci al numero\u00a00833\/581053\u00a0oppure\u00a0340\/7882669.<\/div>\n<div><\/div>\n<div><strong>-PER\u00a0 TUTTA LA PROVINCIA DI LECCE, PER ACCORDI SULLA MODALITA DI SCARICO E\u00a0 \u00a0MODALITA PAGAMENTO , CONTRASSEGNO \/ POS (I NOSTRI MEZZI SONO MUNITI DI\u00a0 \u00a0PAGOBANCOMAT)\u00a0 CONTATTATECI O AL NUMERO FISSO O SU WHATSAPP<\/strong><\/div>\n<\/li>\n<\/ul>\n","protected":false},"excerpt":{"rendered":"<p>possibile consegna GRATUITA in tutto il Salento<\/p>\n","protected":false},"featured_media":2450,"comment_status":"open","ping_status":"closed","template":"","meta":[],"product_brand":[],"product_cat":[136],"product_tag":[],"class_list":{"0":"post-2383","1":"product","2":"type-product","3":"status-publish","4":"has-post-thumbnail","6":"product_cat-piscine-ricambi-prodotti","8":"first","9":"instock","10":"shipping-taxable","11":"purchasable","12":"product-type-simple"},"_links":{"self":[{"href":"https:\/\/rizzellogas.tattica.online\/index.php\/wp-json\/wp\/v2\/product\/2383","targetHints":{"allow":["GET"]}}],"collection":[{"href":"https:\/\/rizzellogas.tattica.online\/index.php\/wp-json\/wp\/v2\/product"}],"about":[{"href":"https:\/\/rizzellogas.tattica.online\/index.php\/wp-json\/wp\/v2\/types\/product"}],"replies":[{"embeddable":true,"href":"https:\/\/rizzellogas.tattica.online\/index.php\/wp-json\/wp\/v2\/comments?post=2383"}],"version-history":[{"count":1,"href":"https:\/\/rizzellogas.tattica.online\/index.php\/wp-json\/wp\/v2\/product\/2383\/revisions"}],"predecessor-version":[{"id":2451,"href":"https:\/\/rizzellogas.tattica.online\/index.php\/wp-json\/wp\/v2\/product\/2383\/revisions\/2451"}],"wp:featuredmedia":[{"embeddable":true,"href":"https:\/\/rizzellogas.tattica.online\/index.php\/wp-json\/wp\/v2\/media\/2450"}],"wp:attachment":[{"href":"https:\/\/rizzellogas.tattica.online\/index.php\/wp-json\/wp\/v2\/media?parent=2383"}],"wp:term":[{"taxonomy":"product_brand","embeddable":true,"href":"https:\/\/rizzellogas.tattica.online\/index.php\/wp-json\/wp\/v2\/product_brand?post=2383"},{"taxonomy":"product_cat","embeddable":true,"href":"https:\/\/rizzellogas.tattica.online\/index.php\/wp-json\/wp\/v2\/product_cat?post=2383"},{"taxonomy":"product_tag","embeddable":true,"href":"https:\/\/rizzellogas.tattica.online\/index.php\/wp-json\/wp\/v2\/product_tag?post=2383"}],"curies":[{"name":"wp","href":"https:\/\/api.w.org\/{rel}","templated":true}]}}