{"id":2458,"date":"2025-12-17T01:00:37","date_gmt":"2025-12-17T00:00:37","guid":{"rendered":"https:\/\/rizzellogas.tattica.online\/?post_type=product&#038;p=2458"},"modified":"2025-12-17T01:01:40","modified_gmt":"2025-12-17T00:01:40","slug":"piscina-power-steel-frame-404x201x100-cm","status":"publish","type":"product","link":"https:\/\/rizzellogas.tattica.online\/index.php\/prodotto\/piscina-power-steel-frame-404x201x100-cm\/","title":{"rendered":"Piscina Power Steel Frame 404x201x100 Cm"},"content":{"rendered":"<p>Piscina Fuori Terra Rettangolare Power Steel cm 404x201x100<b><\/b><\/p>\n<p>La piscina rettangolare Power Steel Pool 404 x 201 x 100 cm di Bestway \u00e8 sinonimo di facilit\u00e0 di montaggio, lunga durata ed elevata stabilit\u00e0. Il divertimento e il buon umore sono quindi gi\u00e0 pre-programmati. La capacit\u00e0 dell&#8217;acqua \u00e8 di circa 6.478 l con un riempimento del 90 %. Questa vasca premium fuori terra in materiale Tritech stabile resiste senza problemi ai raggi UV e al cloro. La pompa del filtro a sabbia Flowclear (2.006 l\/h) inclusa nella fornitura garantisce un&#8217;acqua sempre limpida. La sabbiadel filtro necessaria ca.18kg No. 20 (0,45-0,85mm) non \u00e8 inclusa nel set. La scala di sicurezza con gradini rimovibili rendel&#8217;ingresso e l&#8217;uscita un gioco da ragazzi. Dettagli del prodotto:<\/p>\n<p>Piscina 404 x 201 x 100 cm<br \/>\nColore grigio<br \/>\nCapacit\u00e0 dell&#8217;acqua al 90 % di riempimento: 6.478 litri<br \/>\nCostruzione in acciaio tubolare con rivestimento anticorrosione<br \/>\nInclusa pompa del filtro a sabbia (Flowclear, 2.006 l\/h) e scala di sicurezza<br \/>\nIl dispenser chemconnect<br \/>\nPatch di riparazione adesivo sott&#8217;acqua<br \/>\nPiscina equipaggiata con seal &amp; lock system per una connessione sicura.<\/p>\n<p>Siamo a vostra disposizione per qualsiasi info contattateci al numero\u00a00833\/581053\u00a0oppure\u00a0340\/7882669.<\/p>\n<p>possibile consegna GRATUITA in tutto il Salento.<\/p>\n<p>\u2013<strong>PER\u00a0 TUTTA LA PROVINCIA DI LECCE, PER ACCORDI SULLA MODALITA DI SCARICO E\u00a0 MODALITA PAGAMENTO , CONTRASSEGNO \/ POS (I NOSTRI MEZZI SONO MUNITI DI\u00a0 \u00a0PAGOBANCOMAT)\u00a0 CONTATTATECI O AL NUMERO FISSO O SU WHASAPP.<\/strong><\/p>\n","protected":false},"excerpt":{"rendered":"<p>N.B OFFERTA\u00a0 VALIDA SOLO PER L&#8217;ULTIMO PEZZO DISPONIBILE<\/p>\n<p>ATTENZIONE: SU RICHIESTA DISPONIBILE INTERA GAMMA DI PISCINE BESTWAY E GRE A PREZZI SUPER CONVENIENTI.<\/p>\n<p>PER MAGGIORI INFO CONTATTATECI AI NUMERI PRESENTI NELLA DESCRIZIONE<\/p>\n","protected":false},"featured_media":2533,"comment_status":"open","ping_status":"closed","template":"","meta":[],"product_brand":[],"product_cat":[136],"product_tag":[],"class_list":{"0":"post-2458","1":"product","2":"type-product","3":"status-publish","4":"has-post-thumbnail","6":"product_cat-piscine-ricambi-prodotti","7":"product_shipping_class-oggetti-pesanti","9":"first","10":"instock","11":"sale","12":"shipping-taxable","13":"purchasable","14":"product-type-simple"},"_links":{"self":[{"href":"https:\/\/rizzellogas.tattica.online\/index.php\/wp-json\/wp\/v2\/product\/2458","targetHints":{"allow":["GET"]}}],"collection":[{"href":"https:\/\/rizzellogas.tattica.online\/index.php\/wp-json\/wp\/v2\/product"}],"about":[{"href":"https:\/\/rizzellogas.tattica.online\/index.php\/wp-json\/wp\/v2\/types\/product"}],"replies":[{"embeddable":true,"href":"https:\/\/rizzellogas.tattica.online\/index.php\/wp-json\/wp\/v2\/comments?post=2458"}],"version-history":[{"count":1,"href":"https:\/\/rizzellogas.tattica.online\/index.php\/wp-json\/wp\/v2\/product\/2458\/revisions"}],"predecessor-version":[{"id":2534,"href":"https:\/\/rizzellogas.tattica.online\/index.php\/wp-json\/wp\/v2\/product\/2458\/revisions\/2534"}],"wp:featuredmedia":[{"embeddable":true,"href":"https:\/\/rizzellogas.tattica.online\/index.php\/wp-json\/wp\/v2\/media\/2533"}],"wp:attachment":[{"href":"https:\/\/rizzellogas.tattica.online\/index.php\/wp-json\/wp\/v2\/media?parent=2458"}],"wp:term":[{"taxonomy":"product_brand","embeddable":true,"href":"https:\/\/rizzellogas.tattica.online\/index.php\/wp-json\/wp\/v2\/product_brand?post=2458"},{"taxonomy":"product_cat","embeddable":true,"href":"https:\/\/rizzellogas.tattica.online\/index.php\/wp-json\/wp\/v2\/product_cat?post=2458"},{"taxonomy":"product_tag","embeddable":true,"href":"https:\/\/rizzellogas.tattica.online\/index.php\/wp-json\/wp\/v2\/product_tag?post=2458"}],"curies":[{"name":"wp","href":"https:\/\/api.w.org\/{rel}","templated":true}]}}