{"id":2630,"date":"2025-12-17T01:02:53","date_gmt":"2025-12-17T00:02:53","guid":{"rendered":"https:\/\/rizzellogas.tattica.online\/?post_type=product&#038;p=2630"},"modified":"2025-12-17T01:03:29","modified_gmt":"2025-12-17T00:03:29","slug":"campingaz-attitude-2go-barbecue-da-tavolo-elettrico","status":"publish","type":"product","link":"https:\/\/rizzellogas.tattica.online\/index.php\/prodotto\/campingaz-attitude-2go-barbecue-da-tavolo-elettrico\/","title":{"rendered":"Campingaz Attitude 2go Barbecue da Tavolo Elettrico"},"content":{"rendered":"<div class=\"row\">\n<div class=\"left-content\">\n<div class=\"attribute collapsible-md mt-0 mb-lg-5\">\n<h5 class=\"title d-none d-lg-block\" role=\"heading\">Descrizione<\/h5>\n<div class=\"pdp-about-section \">\n<div class=\"\">\n<div id=\"collapsible-pdp-details-1\" class=\"value content\">Il nuovissimo Attitude 2GO Electric, il barbecue portatile progettato per grigliate senza pensieri. Sboccia un sorriso mentre estrai questo gioiello dalla confezione, basta inserire la spina nella presa e inizia il divertimento! La versatilit\u00e0 di questo compagno di grigliate \u00e8 entusiasmante! Grazie alla resistenza removibile, un comodo cassetto raccogli grasso ad estrazione frontale lavabile in lavastoviglie e le sue maniglie integrate che permettono di trasportarlo facilmente, Attitude 2Go Electric diventer\u00e0 un compagno inseparabile e garantito 10 anni!* I piedini antiscivolo in silicone ti danno stabilit\u00e0 mentre crei le tue deliziose ricette. Il nuovo Attitude elettrico \u00e8 pronto per essere utilizzato ovunque, senza farsi condizionare dal meteo o dal luogo in cui ti trovi. Non rimandare la gioia di grigliare, prendi il controllo e inizia a creare momenti indimenticabili.<\/div>\n<\/div>\n<\/div>\n<\/div>\n<\/div>\n<div class=\"right-content\">\n<div class=\"attributeList collapsible-md mt-0 mb-lg-5\">\n<h5 class=\"title d-none d-lg-block\" role=\"heading\">Caratteristiche<\/h5>\n<div class=\"pdp-about-section \">\n<div class=\"\">\n<div id=\"collapsible-pdp-details-2\" class=\"value content m-0\">\n<ul>\n<li class=\"outline\" role=\"listitem\">Barbecue da tavolo pre-assemblato, non c\u2019\u00e8 bisogno di alcun cacciavite!<\/li>\n<li class=\"outline\" role=\"listitem\">Certificato per l\u2019utilizzo al chiuso e all\u2019aperto, offrendoti la pi\u00f9 totale flessibilit\u00e0<\/li>\n<li class=\"outline\" role=\"listitem\">Il cavo di alimentazione, lungo 1,90 mt facilita il raggiungimento della presa elettrica<\/li>\n<li class=\"outline\" role=\"listitem\">Le componenti InstaClean lavabili in lavastoviglie, ed il comodo cassetto raccogli grasso ad estrazione frontale garantiscono una pulizia facile e veloce<\/li>\n<li class=\"outline\" role=\"listitem\">L\u2019elegante coperchio in alluminio pressofuso nero opaco trattiene il calore e garantisce un\u2019ottima cottura alla griglia<\/li>\n<li class=\"outline\" role=\"listitem\">10 anni di garanzia sul coperchio in alluminio pressofuso e 5 anni sulle griglie in ghisa smaltata<\/li>\n<li class=\"outline\" role=\"listitem\">Il sistema di riscaldamento elettrico di Campingaz garantisce una distribuzione uniforme del calore<\/li>\n<li class=\"outline\" role=\"listitem\">Protezione della resistenza integrata nella griglia di cottura riduce significativamente le fiammate<\/li>\n<li role=\"listitem\"><\/li>\n<li role=\"listitem\"><\/li>\n<\/ul>\n<\/div>\n<\/div>\n<\/div>\n<\/div>\n<\/div>\n<\/div>\n<div class=\"row\">\n<div class=\"left-content\">\n<div class=\"specifications collapsible-md mt-0 mb-lg-5\"><\/div>\n<\/div>\n<\/div>\n","protected":false},"excerpt":{"rendered":"<p>consegna in tutto il Salento\u00a0<strong>OMAGGIO<\/strong><\/p>\n<p>IN ALTERNATIVA allo sconto indicato, si pu\u00f2 optare per il montaggio completo\u00a0<strong>GRATUITO<\/strong>\u00a0e 1 accessorio campingaz a scelta\u00a0<strong>OMAGGIO<\/strong><\/p>\n<ul>\n<li>-siamo a vostra disposizione per qualsiasi info contattateci al numero <span style=\"color: #ff0000\">0833\/581053<\/span> oppure\u00a0 <span style=\"color: #ff0000\">340\/7882669<\/span>.<span style=\"color: #ff0000\"><strong>-PER\u00a0 TUTTA LA PROVINCIA DI LECCE, PER ACCORDI SULLA MODALITA DI SCARICO E\u00a0 \u00a0MODALITA PAGAMENTO , CONTRASSEGNO \/ POS (I NOSTRI MEZZI SONO MUNITI DI\u00a0 \u00a0PAGOBANCOMAT)\u00a0 CONTATTATECI O AL NUMERO FISSO O SU WHASAPP.<\/strong><\/span><\/li>\n<\/ul>\n<p>&nbsp;<\/p>\n","protected":false},"featured_media":2708,"comment_status":"open","ping_status":"closed","template":"","meta":[],"product_brand":[],"product_cat":[137],"product_tag":[],"class_list":{"0":"post-2630","1":"product","2":"type-product","3":"status-publish","4":"has-post-thumbnail","6":"product_cat-barbecue-campingaz","7":"product_shipping_class-oggetti-pesanti","9":"first","10":"instock","11":"shipping-taxable","12":"purchasable","13":"product-type-simple"},"_links":{"self":[{"href":"https:\/\/rizzellogas.tattica.online\/index.php\/wp-json\/wp\/v2\/product\/2630","targetHints":{"allow":["GET"]}}],"collection":[{"href":"https:\/\/rizzellogas.tattica.online\/index.php\/wp-json\/wp\/v2\/product"}],"about":[{"href":"https:\/\/rizzellogas.tattica.online\/index.php\/wp-json\/wp\/v2\/types\/product"}],"replies":[{"embeddable":true,"href":"https:\/\/rizzellogas.tattica.online\/index.php\/wp-json\/wp\/v2\/comments?post=2630"}],"version-history":[{"count":1,"href":"https:\/\/rizzellogas.tattica.online\/index.php\/wp-json\/wp\/v2\/product\/2630\/revisions"}],"predecessor-version":[{"id":2709,"href":"https:\/\/rizzellogas.tattica.online\/index.php\/wp-json\/wp\/v2\/product\/2630\/revisions\/2709"}],"wp:featuredmedia":[{"embeddable":true,"href":"https:\/\/rizzellogas.tattica.online\/index.php\/wp-json\/wp\/v2\/media\/2708"}],"wp:attachment":[{"href":"https:\/\/rizzellogas.tattica.online\/index.php\/wp-json\/wp\/v2\/media?parent=2630"}],"wp:term":[{"taxonomy":"product_brand","embeddable":true,"href":"https:\/\/rizzellogas.tattica.online\/index.php\/wp-json\/wp\/v2\/product_brand?post=2630"},{"taxonomy":"product_cat","embeddable":true,"href":"https:\/\/rizzellogas.tattica.online\/index.php\/wp-json\/wp\/v2\/product_cat?post=2630"},{"taxonomy":"product_tag","embeddable":true,"href":"https:\/\/rizzellogas.tattica.online\/index.php\/wp-json\/wp\/v2\/product_tag?post=2630"}],"curies":[{"name":"wp","href":"https:\/\/api.w.org\/{rel}","templated":true}]}}